a92?
aa2
In base 13, what is 32 + 3?
35
In base 10, what is -2 - 75?
-77
In base 8, what is 104 - -3?
107
In base 5, what is -33 - 1412?
-2000
In base 11, what is -3468 + -2?
-346a
In base 4, what is -300 + -120?
-1020
In base 3, what is 11110 - 11?
11022
In base 13, what is 3 - -16a?
170
In base 7, what is -11 + 3?
-5
In base 12, what is -a33 + 5?
-a2a
In base 13, what is 2 - 2b5b?
-2b59
In base 2, what is -110011 - -1000?
-101011
In base 13, what is b - -149?
157
In base 3, what is 222 + 1002?
2001
In base 11, what is 4 + -1?
3
In base 8, what is -4 - -1235?
1231
In base 9, what is -12 + -13?
-25
In base 14, what is ab8 + 3?
abb
In base 11, what is -1a - 467?
-486
In base 7, what is -100 + -3?
-103
In base 12, what is 77 - 3?
74
In base 3, what is 0 - -22121?
22121
In base 3, what is 2201 + 12212?
22120
In base 15, what is -3 - 2c?
-30
In base 7, what is -13 + -315?
-331
In base 11, what is 4 + 2242?
2246
In base 14, what is 5 + -23?
-1c
In base 9, what is -62 + 0?
-62
In base 3, what is 12 - -11101?
11120
In base 11, what is 2141 + 2?
2143
In base 2, what is -11 - -1101101001?
1101100110
In base 2, what is -101000111 - 100?
-101001011
In base 14, what is -18dd + 5?
-18d8
In base 4, what is 3 - 200?
-131
In base 7, what is -426 - 3?
-432
In base 10, what is 4 - -53?
57
In base 2, what is -100111100 - -11?
-100111001
In base 13, what is 7 - 5?
2
In base 7, what is -21 - -3?
-15
In base 10, what is -97 - -9?
-88
In base 14, what is 20 + -a4?
-84
In base 12, what is 25 - 42?
-19
In base 14, what is 842 - 3?
83d
In base 8, what is -1377 + 2?
-1375
In base 9, what is 21 - 8?
12
In base 14, what is 20 + 4?
24
In base 7, what is 1 - 25?
-24
In base 9, what is -2 - -36?
34
In base 6, what is 140 + 100?
240
In base 9, what is 2 + -878?
-876
In base 16, what is -5 - -1c8?
1c3
In base 7, what is -4434 + 5?
-4426
In base 15, what is 2 - 9?
-7
In base 3, what is -11 - -10100?
10012
In base 14, what is 286 + 4?
28a
In base 12, what is 0 - -28a?
28a
In base 14, what is 3 - -406?
409
In base 9, what is -5 + -122?
-127
In base 2, what is -1010 + -101110?
-111000
In base 4, what is 10 - 23223?
-23213
In base 7, what is 5661 - -4?
5665
In base 7, what is 35 - -102?
140
In base 13, what is 17 + -137?
-120
In base 7, what is 10 + 4514?
4524
In base 11, what is -a374 + -5?
-a379
In base 3, what is 120 + -1112?
-222
In base 6, what is -4 - -1410?
1402
In base 11, what is 69 - 56?
13
In base 4, what is -1 - 200?
-201
In base 10, what is -1 - -278?
277
In base 6, what is -3240 - 4?
-3244
In base 6, what is -1 + 22140?
22135
In base 9, what is 16 - 1?
15
In base 13, what is -19 + a6?
8a
In base 4, what is 2133 - -110?
2303
In base 2, what is 110010 - 11?
101111
In base 11, what is 56 + -1?
55
In base 16, what is -a + 21?
17
In base 14, what is -ddd1 + 0?
-ddd1
In base 3, what is -2 + 20?
11
In base 7, what is 3034 + -3?
3031
In base 14, what is -4c - -99?
4b
In base 4, what is -3 + 12212?
12203
In base 14, what is -2 + 87?
85
In base 3, what is 200 - -21?
221
In base 9, what is -20 + 12?
-7
In base 8, what is -335 + 6?
-327
In base 4, what is 123 + 221?
1010
In base 13, what is 1 + -b3?
-b2
In base 7, what is 22016 + -4?
22012
In base 10, what is 5 + 29?
34
In base 7, what is -5 - -1456?
1451
In base 7, what is 6 - 6?
0
In base 10, what is 621 - 0?
621
In base 4, what is -10 + -33201?
-33211
In base 8, what is 60 - -1?
61
In base 12, what is 1693 + 5?
1698
In base 6, what is 110 + 125?
235
In base 3, what is 1210012 - -22?
1210111
In base 13, what is 511c - -2?
5121
In base 6, what is -1141 + -4?
-1145
In base 4, what is 212 - -3?
221
In base 12, what is 6 + -6b?
-65
In base 11, what is -2 + 39?
37
In base 16, what is a - -2ad?
2b7
In base 8, what is -1 + 13004?
13003
In base 12, what is -3b - -3a?
-1
In base 13, what is 324 + -5?
31c
In base 8, what is 4775 - 4?
4771
In base 2, what is -11010 - -1?
-11001
In base 2, what is -111111000011 - 10?
-111111000101
In base 14, what is 256 + -c?
248
In base 11, what is -523 - 3?
-526
In base 2, what is -11011111 - 1011?
-11101010
In base 9, what is 3714 + -1?
3713
In base 14, what is 9 + -21?
-16
In base 3, what is -1001 - -22?
-202
In base 12, what is -4 + -3a?
-42
In base 2, what is 101010001 + 100001?
101110010
In base 16, what is 1a - 1b?
-1
In base 10, what is -293 - 4?
-297
In base 7, what is -12536 + 1?
-12535
In base 9, what is -6185 + 3?
-6182
In base 12, what is -2 - -22?
20
In base 14, what is 536 - -4?
53a
In base 3, what is 202 - -10020?
10222
In base 7, what is -2 + -215?
-220
In base 16, what is -4 + 778?
774
In base 10, what is 3 + 64?
67
In base 8, what is 171 + -12?
157
In base 3, what is -1011220 + 20?
-1011200
In base 3, what is 11 - 1212?
-1201
In base 8, what is -15333 - 6?
-15341
In base 12, what is -1562 + -3?
-1565
In base 8, what is 3 - 37?
-34
In base 6, what is 11 - -30?
41
In base 8, what is -7 + -730?
-737
In base 10, what is -136 + -1?
-137
In base 10, what is -24 - -2?
-22
In base 12, what is 4 - -156a?
1572
In base 5, what is 4003 + -1?
4002
In base 15, what is 9 + 423?
42c
In base 7, what is 1521 - -2?
1523
In base 3, what is 11 - -221220?
222001
In base 9, what is -1 - 212?
-213
In base 13, what is -4 - 8?
-c
In base 5, what is -214 - -410?
141
In base 12, what is -14 - 18?
-30
In base 16, what is a + -1bd?
-1b3
In base 14, what is -2 + 357?
355
In base 4, what is 100 - 230?
-130
In base 12, what is 1b - 2a?
-b
In base 5, what is -231 + -10?
-241
In base 3, what is 201022 + 10?
201102
In base 3, what is 0 - 102211?
-102211
In base 3, what is 11101 - -1?
11102
In base 10, what is -232 + -1?
-233
In base 12, what is 652 - 28?
626
In base 10, what is -582 + 5?
-577
In base 5, what is 22 - 43?
-21
In base 12, what is -3476 + 0?
-3476
In base 11, what is -182 - -3?
-17a
In base 3, what is -12 - 121?
-210
In base 2, what is -101 + -1101100?
-1110001
In base 12, what is -35 + -4?
-39
In base 13, what is 56c + -3?
569
In base 9, what is 277 - 10?
267
In base 8, what is -141 - 14?
-155
In base 8, what is -1760 - 11?
-1771
In base 3, what is -12 + 12?
0
In base 15, what is -1 - -b3c?
b3b
In base 16, what is 8 + 14?
1c
In base 16, what is -34 - 0?
-34
In base 11, what is 29 + -a1?
-73
In base 8, what is -501 + 5?
-474
In base 13, what is -2 + 18?
16
In base 5, what is 320 - 11?
304
In base 13, what is -77 - 14?
-8b
In base 5, what is -30 + -2033?
-2113
In base 4, what is -220 - 20?
-300
In base 7, what is -4 - 204?
-211
In base 3, what is -1 + -10200?
-10201
In base 15, what is 3cc + 4?
3d1
In base 14, what is c - -23?
31
In base 8, what is 4 + -77?
-73
In base 5, what is 2241 + 10?
2301
In base 11, what is -63 + -5?
-68
In base 11, what is -66a - 2?
-671
In base 11, what is 18 - 112?
-a5
In base 9, what is 7 + 73?
81
In base 12, what is 6b3 + 4?
6b7
In base 3, what is -111 - 12?
-200
In base 16, what is 255b - -3?
255e
In base 4, what is -23231 + -13?
-23310
In base 4, what is -1 - 10103?
-10110
In base 8, what is 25405 - -3?
25410
In base 13, what is -306a + 3?
-3067
In base 7, what is 3153 - 1?
3152
In base 5, what is 4 + -1121?
-1112
In base 13, what is -118 + -4?
-11c
In base 12, what is -6 - -27?
21
In base 7, what is 6 + 146?
155
In base 7, what is -26 + -100?
-126
In base 2, what is -100 + -1000101000100?
-1000101001000
In base 16, what is 3 + -3d?
-3a
In base 13, what is 65 - 2?
63
In base 3, what is 100001 - 10?
22221
In base 2, what is -1110 + 1011?
-11
In base 12, what is 2 + 632?
634
In base 15, what is 125d + 2?
1260
In base 13, what is 51 + 5?
56
In base 15, what is -4 + 1e0?
1db
In base 15, what is 1 - -910?
911
In base 13, what is 342 - -9?
34b
In base 15, what is 48 - 1?
47
In base 7, what is 16 - -616?
635
In base 2, what is -10111001110 - -101?
-10111001001
In base 14, what is 2 - 3757?
-3755
In base 5, what is 330 + 14?
344
In base 4, what is -1101231 + -1?
-1101232
In base 16, what is -4 + -1f?
-23
In base 12, what is 0 + 3b?
3b
In base 3, what is -11 + 100020101?
100020020
In base 11, what is 8 + -3?
5
In base 14, what is -6 - c1?
-c7
In base 13, what is -66 + 7?
-5c
In base 11, what is -a - 2?
-11
In base 6, what is -4 - 2241?
-2245
In base 10, what is -4 + 38?
34
In base 9, what is -1 - -1133?
1132
In base 9, what is -5 + 104?
88
In base 16, what is 2 - 0?
2
In base 9, wh